e 4*p - 64 = -3*h, 5*h = -4*p + 62 + q. What is the units digit of h?
6
Let t(h) be the second derivative of -1/6*h**3 + 0 + h - h**2. What is the units digit of t(-9)?
7
Let i(k) = 2*k**2 - 4*k + 11. What is the tens digit of i(0)?
1
Let m(v) be the third derivative of v**4/24 + 5*v**3/3 + 2*v**2. Suppose 3*n + 3 = -18. What is the units digit of m(n)?
3
Let b be (-4 + 2)*5/(-2). Suppose b*g = g. Suppose 0*v - 27 = -2*w + v, g = -4*w + 5*v + 69. What is the units digit of w?
1
Suppose -7*z + 512 = 71. What is the units digit of z?
3
Let s = 41 - 10. Suppose 0 = r + 5*o - s, 4 - 24 = -4*o. What is the units digit of r?
6
Let s = 11 - 7. Let g = s - 3. What is the units digit of g?
1
Let a = 5 - -1. Suppose -4*b = -b - a. Suppose -4*x + 20 = 2*t, 0 = b*x - 1 - 5. What is the units digit of t?
4
Suppose 0 = 5*l + h - 19, 2*l + 2*h - 4 = -2*h. Suppose -i = z + 3, 0*z + 5*i = -2*z - 3. Let m = l - z. What is the units digit of m?
8
Let q = -31 + 44. What is the units digit of q?
3
Let j(o) = 39*o + 22. What is the hundreds digit of j(4)?
1
Let u be (-36)/(-15) - 2/5. Suppose -2*y + 5*z = -10, y - u + 0 = 4*z. What is the tens digit of y?
1
Let u(n) = n + 4. Let b be u(-7). Let z = b + 7. What is the units digit of z?
4
Let o(a) = -2*a**2 - 11*a - 2. Let s be o(-5). Suppose 4*y + 42 = s*x, -2*x + x + y = -14. What is the units digit of x?
4
Let c = 17 + -6. What is the units digit of c?
1
Suppose 3*b - 30 = -2*b + 5*f, -8 = -2*b - 2*f. Suppose -k - b = -0*k, -5*k = -3*p + 85. What is the units digit of p?
0
Let w be (-3 + (-9)/(-3))/3. Let d(o) = -o**3 + o**2 + o + 15. What is the tens digit of d(w)?
1
Let n(x) be the first derivative of 1/2*x**2 - 3 + 0*x + 5/2*x**4 + 0*x**3. What is the units digit of n(1)?
1
Let r(z) = -z**3 - 4*z**2 + 4*z - 7. Let u be r(-5). Let x be 0 - (-13 - (1 + u)). Suppose 5*v - x - 18 = 0. What is the units digit of v?
6
Suppose -36 = -0*z + 4*z. Let a(s) = s**3 + 9*s**2 + 4. What is the units digit of a(z)?
4
Suppose 0 = 4*i - i - 9. Let j = 21 - i. What is the tens digit of j?
1
Let u be (51 - 8) + (0 - 1). Suppose 142 = 2*i + u. What is the tens digit of i?
5
Suppose u - 77 - 46 = 0. What is the hundreds digit of u?
1
Let a(q) = -5*q**2 + 2*q + 1. Let d be a(-1). Let f = 5 - d. What is the units digit of f?
1
Let r = -28 - -38. What is the tens digit of r?
1
Let m(r) = -r**3 - 5*r**2 + 7*r + 6. Let i(y) = -y**3 - 5*y**2 + 8*y + 6. Let o(s) = 3*i(s) - 4*m(s). What is the units digit of o(-4)?
6
Let m(c) = -c + 9. Let d be m(8). What is the units digit of d/2 + 78/12?
7
Let b(z) = -z**2 + 9*z + 21. What is the units digit of b(9)?
1
Let u be (1 - 1) + 7*1. Let c(m) = 1. Let b(i) = -i**2 + 6*i + 1. Let n(l) = -b(l) + 4*c(l). What is the tens digit of n(u)?
1
Suppose -2*w + w = d - 10, 0 = 5*d - 25. Suppose 3*u - 33 = -w*c, 4*c + 3*u = -7 + 31. What is the units digit of (3 - c)/(1 + -3)?
3
Let w(n) = 0*n**2 + 0*n**2 + 2*n - 1 + n**2. Let x = 0 - 4. What is the units digit of w(x)?
7
Suppose 6*d - 1152 = -3*d. What is the units digit of d?
8
Let r(a) = a - 5. Let l be r(4). What is the units digit of 1 + (9 - l) + -1?
0
What is the units digit of 18 + -1*(1 - 2) + 1?
0
Let j(y) be the first derivative of -y**4/4 - y**3/3 + y**2 - 5. Let s be j(-3). Let c = -4 + s. What is the units digit of c?
8
Let o = 9 - 33. Let s = o - -40. What is the units digit of s?
6
Let o(v) = -v**2 - 5*v + 5. Let h be o(-5). Let j be (-2)/(-4)*(-3 + 11). Suppose -5*n + 10 = -5*g, 4*n - 4 = -j*g + h*n. What is the units digit of g?
2
Let k(s) be the first derivative of s**4/4 + 13*s**3/3 + 11*s**2/2 - 8*s - 5. What is the units digit of k(-12)?
4
Let y be (3 - 1)*(-3)/(-6). Let s(g) = -g + 1. Let k be s(y). What is the units digit of (-7 - 0)*(-1 - k)?
7
Suppose -5*k = -6*k - 53. What is the units digit of 2/(k/(-17) + -3)?
7
Let k = -16 - -30. Suppose 3*l - k + 2 = 0. What is the units digit of l?
4
Let r = 98 - 53. What is the tens digit of r?
4
Let z(g) = -5*g + 19. What is the units digit of z(-8)?
9
Let c = 492 - 264. What is the units digit of c?
8
What is the tens digit of (2 - 6) + 988/13?
7
Suppose 3*s - 3*b = 6, -s = -5*s + 5*b + 5. Suppose 52 = s*p - z + 4, 3*z = -2*p + 26. What is the tens digit of p?
1
What is the tens digit of 20 + (2*1 - (9 - 11))?
2
What is the tens digit of (-70)/(-25)*(-70)/(-4)?
4
Suppose -3*g + 73 = -11. What is the tens digit of g?
2
Let d = 11 + -7. Suppose 0 = k - b - 5, -d*b + 9 = -3*k - 7*b. Let u = 2 - k. What is the units digit of u?
1
Suppose 5*i = -2*m + 2, 0*i + 6 = -4*m - 5*i. Suppose -3*g + 2*h + 18 = 5*h, 4*g = -5*h + 23. Let n = m + g. What is the units digit of n?
3
Suppose 23*u = 29*u - 1338. What is the hundreds digit of u?
2
Let t(g) = 3*g**3 - 4*g**2 + 3*g. Let z be t(2). Let r = -10 + z. What is the units digit of r?
4
Let y(m) = m**2 - m + 3. Let g be y(-5). Suppose -g = -3*p - 0*p + 3*q, p + 4*q = -14. What is the units digit of p?
6
Let i(x) = -x**3 + 30. What is the units digit of i(0)?
0
Let v be 2/((-4)/(-10)*1). What is the units digit of (v/(-3))/(2/(-12))?
0
Suppose 5*z + 19 = 49. Let j = z + 3. What is the units digit of j?
9
Let i be (6/(-4))/((-3)/(-6)). Let n(u) be the first derivative of u**3/3 + u**2 - 2*u - 1. What is the units digit of n(i)?
1
Suppose 2*i - 4 = -2*i. Let t be -3*3 - i - -1. Let c = t + 22. What is the tens digit of c?
1
Let w = -452 - -762. What is the hundreds digit of w?
3
Suppose -4*q + 8 + 12 = 0. Suppose -5*c - 38 = -2*o, q*o + 4*c - 29 = -0*c. What is the units digit of o?
9
Let u = 19 + -15. Suppose 6 + 2 = u*w. What is the units digit of w?
2
Let v(y) = y + 7. Suppose -2*t + 5*t = 30. Suppose i - 4*a + 20 = -2*i, 0 = -3*i + 2*a - t. What is the units digit of v(i)?
7
Let p(m) = m**3 + 8*m**2 + m. Let f be p(-8). Let q(z) be the third derivative of z**5/60 + z**4/3 + 2*z**3/3 - z**2. What is the units digit of q(f)?
4
Suppose -32 = 3*z + 5*o, -4*z = 4*o - 2*o + 38. What is the units digit of z/18 + (-194)/(-4)?
8
Let c(q) = 102*q - 2. Let y be c(6). What is the units digit of y/70 - (-2)/7?
9
Let a(y) = -13*y - 30. What is the tens digit of a(-10)?
0
Suppose -3 = -d + 3. Let w be (-2)/4 + 14/(-4). Let y = d + w. What is the units digit of y?
2
Let r = -8 - -18. Suppose 0*z + r = -2*c + 5*z, -c + 2*z = 3. Suppose d - c*d + 40 = 0. What is the units digit of d?
0
Suppose -z + 2*k + 35 = 0, -k = -z - 3*z + 112. What is the units digit of z?
7
Suppose -5*t + 5*c + 280 = 0, 2*t + 0*t + 5*c - 147 = 0. What is the units digit of t?
1
Suppose -s = -4*p + 85, -3*p + s = -0*p - 63. Let h(b) = b + 18. Let v be h(-16). Suppose -2*m - v*m = -4*z - 52, -p = -4*m - 2*z. What is the units digit of m?
8
Let q = -191 + 136. Let j = q - -77. What is the units digit of j?
2
Let y(c) = c - 2. Let f be y(8). What is the tens digit of (-3)/f*-54 - 2?
2
Let c(r) = 3*r + 5. Let t be c(-10). Let j = t + 42. What is the tens digit of j?
1
Let n(t) be the third derivative of -t**5/60 - 5*t**4/24 + t**3 + 3*t**2. Let w be n(-5). Let g(o) = o**3 - 7*o**2 + 6*o + 1. What is the units digit of g(w)?
1
Let j be 20*1*(-12)/(-30). Let b = j + -5. What is the units digit of b?
3
Let d = 14 + -8. What is the tens digit of ((-102)/d)/(-2 - -1)?
1
Suppose -5*w - 10 = -4*w. What is the units digit of 8/(-2) - (w + 5)?
1
Let q(u) = -2*u**3 - 3*u**2 + u + 1. What is the units digit of q(-3)?
5
Let p = -6 + 9. Suppose -2*r + 4*t + 60 = -t, r = p*t + 30. Suppose -3*n - 2*n = -r. What is the units digit of n?
6
Suppose 0 = -5*f + t + 53, f - 4*t - 9 = -3*t. What is the units digit of f?
1
Suppose -4*l = -l - 4*o + 18, 0 = o - 3. What is the units digit of 2 - -8 - (1 - l)?
7
Suppose -2*k + 9 = k. Suppose k*i = 39 + 12. What is the tens digit of i?
1
Suppose 0*r + 5 = r, 4*i + r + 23 = 0. Let k = 12 + i. What is the units digit of k?
5
Suppose -4*j + 4*r = 12, -2*j - 9 = -j - 3*r. Suppose -m - 5 - 21 = j. Let d = -18 - m. What is the units digit of d?
8
Let t(z) = 10*z**3 + 4*z**2 - 2*z - 2. What is the units digit of t(2)?
0
Let a(x) = x**2 - 4*x - 5. What is the units digit of a(-6)?
5
Let v be 1/4 - 34/8. Let g = 15 + v. What is the tens digit of g?
1
Suppose -2*h + 2*u = -u - 17, 2 = 2*u. Suppose -5*f + h + 10 = 0. What is the units digit of f?
4
Suppose 67 + 371 = 6*d. What is the te